+ 19 + 18/18. Suppose -13*n - x = -17*n. Let w = -1 - -6. What is the remainder when w is divided by n?
0
Suppose -14 = -k - 13*k. Calculate the remainder when (k + 0)*(74 - (-2 - -1)) is divided by 19.
18
Let a(c) = 590*c + 14273. What is the remainder when 1904 is divided by a(-24)?
96
Let f(u) = 2*u**2 - 19*u + 4. Let m be f(13). Suppose -15 = 4*h - m. Let s = -844 + 851. Calculate the remainder when h is divided by s.
6
Let l(v) = -v**2 - 6*v + 10. Let p be l(5). Suppose 12*f + 0*f = 1476. Let r = p + f. Calculate the remainder when r is divided by 20.
18
Suppose 3*l + 2*v - 582 = 0, -4*v = -l + v + 160. Let f(t) = -t**2 + 10*t - 6. What is the remainder when l is divided by f(7)?
10
Let h be ((-3)/(-18))/1 + 91/(-78). Let k be 3 + (1 - h) + -21. Let v(n) = n**3 + 18*n**2 + 18*n - 31. What is the remainder when v(k) is divided by 15?
13
Let i(a) = 28*a**2 + 250*a + 249. Calculate the remainder when 1238 is divided by i(-1).
23
Let l(a) = a**3 + 5*a**2 + 3*a + 5. Suppose -6*m + 2*m = -5*c + 26, 5*c = 5*m + 30. Let q be l(m). What is the remainder when 3/q*-201*5/(-5) is divided by 34?
33
Suppose -5*i = 3*h - 423, -4*h + 146 = 4*i - 186. Suppose x + 2*w = i, 94 + 155 = 3*x + 3*w. Calculate the remainder when x is divided by 16.
15
Let r(t) = -5*t - 1 + t**2 + 0*t**2 - 7 + t. What is the remainder when ((-2)/6)/(10/(-2100)) is divided by r(8)?
22
Let y = 13 - 5. Suppose 0 = -2*l + 3*a + 27, 2*a - 4*a = l + 4. Suppose 3*j - 45 + l = 0. Calculate the remainder when j is divided by y.
5
Let j = 4874 + -4836. Calculate the remainder when 90 is divided by j.
14
Suppose g + 2694 = -5*u + 9620, -3*u - 5*g + 4138 = 0. Calculate the remainder when u is divided by 677.
32
Let a(o) = 19 + 32 - 160331*o + 160350*o + o**2. What is the remainder when 268 is divided by a(-17)?
13
Let j = -2715 + 2739. Suppose x = -48 + 64. Calculate the remainder when j is divided by x.
8
Suppose 344*o - 100494 = 310*o - 26748. What is the remainder when o is divided by 13?
11
Let f = -17 + 19. Calculate the remainder when 236 is divided by 6/(((-8)/(-10))/f).
11
What is the remainder when -122*(-115)/(-92)*-14 is divided by 40?
15
Let m(p) = p**3 + 10*p**2 + 3. What is the remainder when (14/(-35))/((-2)/50) is divided by m(-10)?
1
Let v be 2/(-12)*-3 + (-15)/(-2). Let j = -6 - -19. Calculate the remainder when j is divided by 0 - 3*v/(-12).
1
Let x(r) = 53*r**2 - r. Let i(f) = -4*f + 50. Let d be i(12). Suppose -48 = -3*u - d*v - 6, v = -4*u + 56. Calculate the remainder when x(-1) is divided by u.
12
Let p(b) = 37*b + 1881. Let t be p(-49). Let d = 9 + -4. Suppose 3*n - z = t, -3*n - 4*z - 32 = -d*n. Calculate the remainder when 143 is divided by n.
23
Suppose 27*t - 439028 + 167867 = 0. Calculate the remainder when t is divided by 6.
5
Let a = 6796 - 6666. What is the remainder when a is divided by 62?
6
What is the remainder when 222 is divided by (2 - 72/33) + (-6)/132*-4646?
11
Let h(k) = 6*k**3 - 20*k**2 + 42*k. Let q(g) = g**3 - g + 1. Let p(y) = -h(y) + 5*q(y). Calculate the remainder when p(17) is divided by 47.
26
Let g be (-4)/4*98/(-14). Suppose 0*p = -5*j + 4*p + 215, 3*j - 4*p - 129 = 0. What is the remainder when j is divided by ((-132)/21)/((-2)/g)?
21
Let l(x) = 3 - 5*x**2 - 16 + 10*x - x**2 + 5*x**2. Suppose -18 = 3*w - 6*w. Calculate the remainder when 32 is divided by l(w).
10
Suppose -8*c - 8 = 40. Let d be (2727/c)/(3/(-6)). Suppose -5*n = -5*x - 775, 3*x + d = 4*n + 287. What is the remainder when n is divided by 20?
17
Let b(d) = 7*d**3 - 112*d**2 - 85*d + 1388. What is the remainder when 16/(-3)*270/(-4) is divided by b(16)?
24
Let m(b) = b**2 - 59*b + 325. Let x be m(5). Suppose -35*p + 36*p - r = x, 92 = 2*p + 4*r. Calculate the remainder when 255 is divided by p.
47
Let l(q) = -q**3 + 33*q**2 - 128*q - 817. Calculate the remainder when 2524 is divided by l(27).
100
Suppose -2*x - 42 = -50. Suppose 5*a = b + 1224, x*b + 0*b + 1221 = 5*a. What is the remainder when a is divided by 62?
59
Let c be 198/5 - 9/15. Let v = c + 35. Calculate the remainder when v is divided by 38.
36
Calculate the remainder when 752 is divided by (258/27 + (-35 - -25))/(4/(-3582)).
354
Let x = 29069 + -29037. Calculate the remainder when 9759 is divided by x.
31
Let d(y) = y**3 + 15*y**2 + 14*y + 5. Let g be d(-14). Suppose -1 = -g*o + 49. Let f(i) = -i + 14. Calculate the remainder when o is divided by f(10).
2
Let s = -8281 + 8582. What is the remainder when 3605 is divided by s?
294
What is the remainder when 1049 is divided by ((-635)/254)/((6/(-20))/3)?
24
Suppose 0 = 4*t + t - 120. What is the remainder when (-1615)/(-38)*1/(-5)*-8 is divided by t?
20
Let c = 7440 + -7295. Calculate the remainder when 708 is divided by c.
128
Suppose j - 1 = -4. Let l(y) = 15*y**2 + 6*y + 9. Let p be l(j). Let r = 185 - p. Calculate the remainder when r is divided by 20.
19
Let s be (0 - -1) + 55/5. Let x be (-30)/s*(-8)/(-10). Calculate the remainder when 106 is divided by 6 - x - (0 + -2 + 4).
4
Suppose -3*f + 45 = d, 5*d - 22*f - 288 = -28*f. What is the remainder when 2438 is divided by d?
62
Let u = 316 + -314. Let f(b) = b**2 + 6. What is the remainder when 18 is divided by f(u)?
8
Suppose 0 = 5*v - v - 80. Let b be ((-1)/(-3))/((-13)/(-351)). Let u(r) = r + 48. Calculate the remainder when u(b) is divided by v.
17
Let g(j) = 48*j**2 + 5 + 3*j**3 + 20*j + 3*j - 2*j - 5*j**3 - 55*j**2. Calculate the remainder when g(-7) is divided by 17.
14
Calculate the remainder when 2 - ((-2)/(-2) + -113) is divided by (-12)/14 + (33 - 1265/(-161)).
34
Let o(s) = 8*s + 28. Suppose -2*d = 4*u - 16, 12 = 2*d - d - 2*u. Suppose 5*m = 25, r - d = 5*m - 35. Calculate the remainder when 109 is divided by o(r).
25
Let i be 3434/13 - 76/494. Let f = i - 188. Calculate the remainder when f is divided by 8.
4
Suppose -133 = 34*t - 711. Let m be (-2)/4 + (-2)/4. Let n(b) = -13*b**3 - 2*b**2 - b. What is the remainder when t is divided by n(m)?
5
Let n(z) = 346*z + 375. Calculate the remainder when 1155 is divided by n(-1).
24
Suppose 0 = -4*s - 7*o + 6*o + 6, 4 = 3*s + o. Suppose -7*u - 4*x = -83, -5*x - 1 = 9. Calculate the remainder when u is divided by s.
1
Suppose -39 = -q - 0*q. Let x(l) = l**3 - 19*l**2 + 18*l - 3. Let v be x(18). What is the remainder when q is divided by (v - -2)*-11 + 0?
6
Let d(t) = -3*t**3 - 190*t**2 - 251*t - 156. Let r = -83 - -196. Calculate the remainder when r is divided by d(-62).
23
Suppose -8*m + 609 = -135. What is the remainder when 261 is divided by m?
75
Suppose j + 285 = 10*j + 10*j. What is the remainder when 2388 is divided by j?
3
What is the remainder when 1554 is divided by (-52)/(-3)*4*6/16?
20
Let d = -307 + 365. Calculate the remainder when 166 is divided by d.
50
Let h(m) = m**3 - 2*m**2 - 120*m - 171. Calculate the remainder when 1277 is divided by h(-9).
17
Calculate the remainder when 1453 is divided by ((-1584150)/120)/(-59) + (-5)/(-4).
103
Suppose 0*t + 1077 - 244 = t. Calculate the remainder when t is divided by 5.
3
Suppose 24*y - 12 = 20*y. Let i(s) = 7 - 3 + 5 - y*s + s. What is the remainder when 43 is divided by i(0)?
7
Let m be ((-126)/630)/(-1*2/110). Suppose 0*r - m*r = -209. What is the remainder when 74 is divided by r?
17
Suppose 54*y - 51*y = 2*b + 2281, b - 2293 = -3*y. What is the remainder when y is divided by 4?
3
Let t = 17 - 68. Let a = 34 - t. What is the remainder when a is divided by 30?
25
Suppose -h + 3*j = -143, -125 = -h - 0*j - 3*j. Let i = -31324 - -31348. Calculate the remainder when h is divided by i.
14
Suppose 22 = 4*s - 26. Suppose 139*c = 138*c + s. Suppose -2*h - 3*h = -210. What is the remainder when h is divided by c?
6
Let s(f) = 975*f - 152960. Let b(p) = 13*p**2 - 1. What is the remainder when s(157) is divided by b(-1)?
7
Suppose -2*j + 8*j = -24. Let r be j/(-18) - (312/(-54) + -2). Suppose r*x - 10*x + 24 = 0. What is the remainder when 55 is divided by x?
7
Suppose 24 = -3*m - 6. Suppose -163*a = -149*a - 84. Calculate the remainder when 29 is divided by 2*m*a/(-8).
14
Suppose 0 = -2*d + 4 - 0. Let z = 46 + -24. Calculate the remainder when 81 + 4 + (0 - d) is divided by z.
17
Suppose -8*y - 415 = -1463. Let r = y + -113. Let z = 55 + -21. Calculate the remainder when z is divided by r.
16
Suppose